144?
133
What is the remainder when 37848793 is divided by 3154065?
13
What is the remainder when 2847661 is divided by 949217?
10
Calculate the remainder when 25554293 is divided by 8.
5
Calculate the remainder when 14729195 is divided by 64.
43
Calculate the remainder when 812657 is divided by 30098.
11
Calculate the remainder when 23766 is divided by 10.
6
What is the remainder when 73498286 is divided by 459?
452
Calculate the remainder when 87212 is divided by 1281.
104
Calculate the remainder when 1231550 is divided by 615773.
4
What is the remainder when 285252 is divided by 92328?
8268
What is the remainder when 1656490 is divided by 763?
17
What is the remainder when 2179617 is divided by 348?
93
What is the remainder when 110494461 is divided by 9518?
9517
Calculate the remainder when 115726859 is divided by 90.
89
Calculate the remainder when 770499 is divided by 20.
19
What is the remainder when 1222448 is divided by 399?
311
What is the remainder when 12973331 is divided by 807?
806
What is the remainder when 315550 is divided by 9015?
25
What is the remainder when 1138791 is divided by 817?
710
Calculate the remainder when 3431652 is divided by 29840.
52
Calculate the remainder when 1700070 is divided by 27.
15
Calculate the remainder when 8433960 is divided by 47.
45
What is the remainder when 50155922 is divided by 364?
362
Calculate the remainder when 1368526 is divided by 228036.
310
Calculate the remainder when 9738284 is divided by 9248.
140
Calculate the remainder when 9797716 is divided by 21.
19
Calculate the remainder when 216038 is divided by 107743.
552
What is the remainder when 2040097 is divided by 14782?
181
What is the remainder when 2311676 is divided by 385275?
26
Calculate the remainder when 17126631 is divided by 60.
51
Calculate the remainder when 20045413 is divided by 2248.
2245
Calculate the remainder when 221216 is divided by 4915.
41
What is the remainder when 93500 is divided by 23344?
124
Calculate the remainder when 1079421 is divided by 134856.
573
Calculate the remainder when 526601 is divided by 105320.
1
What is the remainder when 6485141 is divided by 98259?
47
What is the remainder when 40917 is divided by 128?
85
Calculate the remainder when 140378 is divided by 10759.
511
What is the remainder when 485895 is divided by 1006?
1003
Calculate the remainder when 25935328 is divided by 5482.
5468
What is the remainder when 130305402 is divided by 24?
18
What is the remainder when 386196 is divided by 7478?
4818
Calculate the remainder when 5004581 is divided by 1939.
22
Calculate the remainder when 430491 is divided by 214496.
1499
Calculate the remainder when 198122 is divided by 569.
110
What is the remainder when 27584295 is divided by 2298690?
15
Calculate the remainder when 2078329 is divided by 11.
0
Calculate the remainder when 147415894 is divided by 9827726.
4
Calculate the remainder when 61114 is divided by 804.
10
What is the remainder when 260962 is divided by 21710?
442
What is the remainder when 235792 is divided by 1725?
1192
What is the remainder when 6644426 is divided by 830551?
18
Calculate the remainder when 4904772 is divided by 2452383.
6
What is the remainder when 2002230 is divided by 1412?
14
What is the remainder when 51329 is divided by 3266?
2339
Calculate the remainder when 3306 is divided by 807.
78
Calculate the remainder when 23312 is divided by 578.
192
What is the remainder when 3483510 is divided by 160?
150
Calculate the remainder when 78552 is divided by 4379.
4109
What is the remainder when 1190892 is divided by 170112?
108
Calculate the remainder when 17690437 is divided by 42525.
37
Calculate the remainder when 1898918 is divided by 5319.
35
Calculate the remainder when 21097858 is divided by 3013977.
19
What is the remainder when 1079630 is divided by 6790?
20
Calculate the remainder when 827371 is divided by 137870.
151
What is the remainder when 12160926 is divided by 533?
531
What is the remainder when 104810553 is divided by 34936849?
6
What is the remainder when 1448439 is divided by 724152?
135
What is the remainder when 14069769 is divided by 95066?
1
Calculate the remainder when 34554820 is divided by 10748.
0
Calculate the remainder when 600947 is divided by 300330.
287
What is the remainder when 2433221 is divided by 43?
23
Calculate the remainder when 178315 is divided by 2515.
2265
Calculate the remainder when 60024 is divided by 2492.
216
Calculate the remainder when 523651 is divided by 173999.
1654
What is the remainder when 1236734 is divided by 393?
356
Calculate the remainder when 1423648 is divided by 2389.
2193
What is the remainder when 51730 is divided by 49661?
2069
What is the remainder when 32135749 is divided by 10711914?
7
What is the remainder when 57400057 is divided by 2823?
2821
Calculate the remainder when 5730469 is divided by 636714.
43
Calculate the remainder when 2068 is divided by 290.
38
What is the remainder when 21109728 is divided by 93?
30
What is the remainder when 1584821 is divided by 5372?
81
Calculate the remainder when 159841 is divided by 4525.
1466
Calculate the remainder when 8713617 is divided by 86.
11
What is the remainder when 3061371 is divided by 236?
215
Calculate the remainder when 16649729 is divided by 4162427.
21
Calculate the remainder when 7130921 is divided by 3565456.
9
Calculate the remainder when 138650 is divided by 15383.
203
Calculate the remainder when 2137421 is divided by 118745.
11
Calculate the remainder when 268866 is divided by 1212.
1014
Calculate the remainder when 1980906 is divided by 2721.
18
What is the remainder when 807895057 is divided by 403947526?
5
What is the remainder when 6070748 is divided by 797?
796
What is the remainder when 16439604 is divided by 465?
459
Calculate the remainder when 1433093 is divided by 28.
25
What is the remainder when 15788161 is divided by 26?
25
Calculate the remainder when 31219694 is divided by 83.
74
What is the remainder when 18636500 is divided by 274?
116
Calculate the remainder when 542278 is divided by 833.
828
What is the remainder when 230359 is divided by 57091?
1995
What is the remainder when 9655362 is divided by 7?
3
Calculate the remainder when 72365206 is divided by 8040578.
4
What is the remainder when 16313924 is divided by 38567?
83
What is the remainder when 328480 is divided by 597?
130
Calculate the remainder when 19337178 is divided by 9.
3
What is the remainder when 5634728 is divided by 1937?
1932
Calculate the remainder when 1071701 is divided by 3927.
3557
Calculate the remainder when 1058969 is divided by 693.
65
What is the remainder when 64595 is divided by 217?
146
Calculate the remainder when 18156778 is divided by 292851.
16
What is the remainder when 1006820 is divided by 503181?
458
What is the remainder when 107083 is divided by 5?
3
What is the remainder when 7983845 is divided by 1689?
1631
Calculate the remainder when 6234754 is divided by 3117369.
16
What is the remainder when 3461138 is divided by 19?
3
What is the remainder when 13000 is divided by 448?
8
What is the remainder when 130331 is divided by 280?
131
Calculate the remainder when 211228 is divided by 2325.
1978
What is the remainder when 2513574 is divided by 452?
2
What is the remainder when 2421025 is divided by 2767?
2667
What is the remainder when 483129 is divided by 3556?
3069
Calculate the remainder when 519688 is divided by 13325.
13
Calculate the remainder when 531110 is divided by 37935.
20
Calculate the remainder when 81624 is divided by 678.
264
What is the remainder when 47209050 is divided by 15560?
10
Calculate the remainder when 42125 is divided by 5205.
485
Calculate the remainder when 1198866 is divided by 669.
18
What is the remainder when 2893288 is divided by 511?
6
What is the remainder when 4483915 is divided by 85?
80
What is the remainder when 6792823 is divided by 38816?
23
Calculate the remainder when 317473 is divided by 2103.
2023
Calculate the remainder when 726707 is divided by 121114.
23
What is the remainder when 28984718 is divided by 91?
35
What is the remainder when 43708390 is divided by 28?
26
Calculate the remainder when 38879424 is divided by 775.
774
Calculate the remainder when 43510738 is d